s 14 a factor of 15064?
True
Does 5 divide 580?
True
Is 31 a factor of 868?
True
Is 21 a factor of 2709?
True
Does 6 divide 2844?
True
Is 11688 a multiple of 2?
True
Is 16696 a multiple of 8?
True
Does 85 divide 1436?
False
Is 89 a factor of 5270?
False
Is 13 a factor of 699?
False
Is 13260 a multiple of 102?
True
Does 8 divide 4009?
False
Does 15 divide 45?
True
Is 14686 a multiple of 70?
False
Does 97 divide 1937?
False
Is 71 a factor of 1775?
True
Is 31 a factor of 2461?
False
Is 7025 a multiple of 92?
False
Does 73 divide 219?
True
Is 20542 a multiple of 40?
False
Does 57 divide 171?
True
Does 10 divide 20453?
False
Is 1229 a multiple of 77?
False
Does 11 divide 4939?
True
Is 3251 a multiple of 43?
False
Is 45 a factor of 143740?
False
Does 25 divide 2533?
False
Does 25 divide 29225?
True
Is 2650 a multiple of 53?
True
Is 25506 a multiple of 18?
True
Does 66 divide 9502?
False
Does 60 divide 40140?
True
Does 7 divide 27559?
True
Is 14 a factor of 2236?
False
Is 7 a factor of 9793?
True
Does 63 divide 1764?
True
Does 7 divide 4333?
True
Is 84 a multiple of 12?
True
Does 11 divide 5434?
True
Is 12 a factor of 38724?
True
Is 31 a factor of 18135?
True
Is 17732 a multiple of 31?
True
Is 91128 a multiple of 24?
True
Is 137 a factor of 1644?
True
Is 10 a factor of 3680?
True
Does 14 divide 714?
True
Is 39 a factor of 8969?
False
Is 7 a factor of 293?
False
Is 3488 a multiple of 4?
True
Is 21 a factor of 588?
True
Is 4594 a multiple of 70?
False
Is 4401 a multiple of 127?
False
Is 414 a multiple of 23?
True
Is 25 a factor of 16108?
False
Is 6 a factor of 2289?
False
Does 43 divide 15189?
False
Is 8933 a multiple of 14?
False
Does 10 divide 770?
True
Is 7 a factor of 4704?
True
Is 2040 a multiple of 42?
False
Does 9 divide 1449?
True
Is 75 a factor of 450?
True
Is 18187 a multiple of 44?
False
Is 72 a factor of 792?
True
Is 3 a factor of 249?
True
Does 152 divide 8873?
False
Is 8 a factor of 2912?
True
Does 36 divide 9936?
True
Does 22 divide 660?
True
Is 12742 a multiple of 113?
False
Is 16 a factor of 24656?
True
Does 16 divide 1269?
False
Is 10 a factor of 20870?
True
Is 4694 a multiple of 75?
False
Is 369 a multiple of 17?
False
Is 32793 a multiple of 51?
True
Is 2 a factor of 302?
True
Is 949 a multiple of 5?
False
Is 1116 a multiple of 2?
True
Is 5 a factor of 475?
True
Is 2 a factor of 170?
True
Is 10 a factor of 1960?
True
Is 12 a factor of 646?
False
Does 74 divide 1941?
False
Does 49 divide 18397?
False
Is 162 even?
True
Does 40 divide 20840?
True
Is 12331 a multiple of 59?
True
Is 872 a multiple of 44?
False
Is 4510 a multiple of 22?
True
Is 2125 a multiple of 17?
True
Is 3658 a multiple of 31?
True
Is 76 a factor of 4864?
True
Does 39 divide 1794?
True
Is 576 a multiple of 18?
True
Is 5940 a multiple of 45?
True
Is 135 a factor of 4455?
True
Is 238 a multiple of 34?
True
Is 88 a factor of 880?
True
Does 24 divide 31458?
False
Is 1507 a multiple of 13?
False
Does 5 divide 537?
False
Is 3 a factor of 10006?
False
Does 157 divide 114876?
False
Does 30 divide 780?
True
Is 2558 a multiple of 19?
False
Does 26 divide 1145?
False
Is 22412 a multiple of 43?
False
Does 24 divide 432?
True
Is 41 a factor of 1312?
True
Does 12 divide 431?
False
Does 28 divide 1204?
True
Does 6 divide 752?
False
Is 42 a factor of 2112?
False
Is 69 a factor of 8694?
True
Does 10 divide 847?
False
Is 22120 a multiple of 158?
True
Is 7 a factor of 9618?
True
Does 148 divide 1924?
True
Is 564 a multiple of 16?
False
Is 24 a factor of 35280?
True
Does 17 divide 77?
False
Is 4 a factor of 584?
True
Is 14 a factor of 519?
False
Is 47 a factor of 394?
False
Is 4305 a multiple of 21?
True
Does 5 divide 2317?
False
Is 900 a multiple of 15?
True
Is 98400 a multiple of 96?
True
Is 50 a factor of 1350?
True
Is 21998 a multiple of 44?
False
Is 150 a multiple of 8?
False
Is 2279 a multiple of 53?
True
Is 7360 a multiple of 64?
True
Is 18 a factor of 3615?
False
Is 5 a factor of 529?
False
Is 1843 a multiple of 14?
False
Is 155 a factor of 62155?
True
Is 13337 a multiple of 15?
False
Is 18540 a multiple of 36?
True
Is 62 a factor of 4836?
True
Is 15 a factor of 2481?
False
Is 155 a multiple of 10?
False
Is 24990 a multiple of 170?
True
Does 105 divide 1155?
True
Is 10627 a multiple of 2?
False
Is 10220 a multiple of 14?
True
Is 291 a multiple of 6?
False
Is 7156 a multiple of 15?
False
Does 10 divide 80?
True
Is 114 a factor of 14657?
False
Is 90 a factor of 1578?
False
Does 15 divide 2343?
False
Is 75 a factor of 4415?
False
Is 20 a factor of 4545?
False
Is 33059 a multiple of 11?
False
Does 42 divide 4598?
False
Does 25 divide 1225?
True
Is 28 a factor of 3312?
False
Is 800 a multiple of 80?
True
Is 30 a factor of 450?
True
Is 12 a factor of 552?
True
Is 8 a factor of 27720?
True
Is 8 a factor of 44540?
False
Does 31 divide 1194?
False
Is 319 a factor of 6172?
False
Does 18 divide 7828?
False
Does 10 divide 4000?
True
Does 40 divide 320?
True
Is 29664 a multiple of 32?
True
Is 2 a factor of 38?
True
Is 30 a factor of 85312?
False
Is 97146 a multiple of 63?
True
Is 6771 a multiple of 39?
False
Is 229 a multiple of 11?
False
Is 788 a multiple of 17?
False
Does 62 divide 3395?
False
Does 48 divide 4048?
False
Does 22 divide 2829?
False
Does 32 divide 6095?
False
Does 16 divide 1712?
True
Is 24 a factor of 2969?
False
Does 43 divide 19605?
False
Does 82 divide 478?
False
Is 1924 a multiple of 15?
False
Is 31 a factor of 155?
True
Does 7 divide 574?
True
Is 72 a factor of 2284?
False
Is 112 a multiple of 6?
False
Is 19 a factor of 883?
False
Is 67134 a multiple of 38?
False
Is 7 a factor of 4480?
True
Is 9027 a multiple of 8?
False
Is 227 a multiple of 11?
False
Is 57 a factor of 2027?
False
Does 35 divide 7280?
True
Is 14 a factor of 87822?
True
Is 5553 a multiple of 5?
False
Is 209 a factor of 43844?
False
Is 7 a factor of 869?
False
Does 8 divide 4288?
True
Does 2 divide 116?
True
Does 19 divide 22128?
False
Does 193 divide 23604?
False
Is 12 a factor of 960?
True
Is 3374 a multiple of 2?
True
Does 15 divide 1155?
True
Does 50 divide 750?
True
Is 32 a factor of 2144?
True
Does 92 divide 287?
False
Does 39 divide 1053?
True
Does 6 divide 66?
True
Is 118 a factor of 28674?
True
Does 29 divide 280?
False
Does 21 divide 882?
True
Does 15 divide 725?
False
Is 3 a factor of 33?
True
Is 138 a factor of 690?
True
Is 7618 a multiple of 26?
True
Does 28 divide 420?
True
Does 113 divide 35943?
False
Is 1250 a multiple of 7?
False
Is 20 a multiple of 2?
True
Does 13 divide 13780?
True
Does 22 divide 2068?
True
Is 42 a factor of 1318?
False
Is 38520 a multiple of 73?
False
Does 31 divide 137?
False
Does 6 divide 1104?
True
Does 8 divide 94176?
True
Is 41 a factor of 7790?
True
Is 101 a factor of 10207?
False
Does 10 divide 13168?
False
Is 121 a factor of 25408?
False
Is 37879 a multiple of 42?
False
Does 63 divide 756?
True
Is 44 a factor of 1654?
False
Is 11 a factor of 6089?
False
Is 4582 a multiple of 97?
False
Does 9 divide 18985?
False
Does 13 divide 585?
True
Is 34 a factor of 489?
False
Is 10593 a multiple of 99?
True
Is 90 a factor of 17347?
False
Is 1035 a multiple of 69?
True
Is 18499 a multiple of 56?
False
Is 1248 a multiple of 39?
True
Does 35 divide 963?
False
Is 25 a factor of 663?
False
Does 67 divide 4048?
False
Is 132 a factor of 46756?
False
Is 470 a multiple of 47?
True
Is 679 a multiple of 4?
False
Does 14 divide 197?
False
Is 14 a factor of 3780?
True
Does 198 divide 133371?
False
Is 39 a factor of 842?
False
Is 13684 a multiple of 20?
False
Does 16 divide 1384?
False
Is 21 a factor of 26512?
False
Does 15 divide 1636?
False
Does 6 divide 1050?
True
Is 34 a factor of 10747?
False
Is 19 a factor of 18672?
False
Is 11196 a multiple of 36?
True
Does 15 divide 543?
False
Is 15 a factor of 869?
False
Is 416 a multiple of 6?
False
Is 63 a factor of 55566?
True
Is 1129 a multiple of 21?
False
Is 39 even?
False
Is 924 a multiple of 33?
True
Is 2325 a multiple of 5?
True
Is 167 a factor of 143520?
False
Does 38 divide 667?
False
Does 10 divide 3433?
False
Does 10 divide 23366?
False
Does 61 divide 2077?
False
Is 38689 a multiple of 54?
False
Is 1204 a multiple of 76?
False
Is 32087 a multiple of 11?
True
Does 169 divide 159446?
False
Is 843 a multiple of 53?
False
Is 77 a fa